{"id":16,"date":"2020-01-02T12:15:08","date_gmt":"2020-01-02T09:15:08","guid":{"rendered":"http:\/\/demo.safirtema.com\/maya\/?page_id=16"},"modified":"2024-12-17T22:22:32","modified_gmt":"2024-12-17T19:22:32","slug":"cozum-ortaklari","status":"publish","type":"page","link":"https:\/\/ikdenge.com\/index.php\/cozum-ortaklari\/","title":{"rendered":"\u00c7\u00f6z\u00fcm Ortaklar\u0131"},"content":{"rendered":"\n<figure class=\"wp-block-gallery has-nested-images columns-default is-cropped wp-block-gallery-1 is-layout-flex wp-block-gallery-is-layout-flex\">\n<figure class=\"wp-block-image size-full\"><img loading=\"lazy\" decoding=\"async\" width=\"1019\" height=\"271\" data-id=\"404\" src=\"https:\/\/ikdenge.com\/wp-content\/uploads\/2024\/12\/logo1.jpg\" alt=\"\" class=\"wp-image-404\" srcset=\"https:\/\/ikdenge.com\/wp-content\/uploads\/2024\/12\/logo1.jpg 1019w, https:\/\/ikdenge.com\/wp-content\/uploads\/2024\/12\/logo1-300x80.jpg 300w, https:\/\/ikdenge.com\/wp-content\/uploads\/2024\/12\/logo1-768x204.jpg 768w\" sizes=\"auto, (max-width: 1019px) 100vw, 1019px\" \/><\/figure>\n\n\n\n<figure class=\"wp-block-image size-full\"><img loading=\"lazy\" decoding=\"async\" width=\"387\" height=\"130\" data-id=\"413\" src=\"https:\/\/ikdenge.com\/wp-content\/uploads\/2024\/12\/logo10.png\" alt=\"\" class=\"wp-image-413\" srcset=\"https:\/\/ikdenge.com\/wp-content\/uploads\/2024\/12\/logo10.png 387w, https:\/\/ikdenge.com\/wp-content\/uploads\/2024\/12\/logo10-300x101.png 300w\" sizes=\"auto, (max-width: 387px) 100vw, 387px\" \/><\/figure>\n\n\n\n<figure class=\"wp-block-image size-full\"><img loading=\"lazy\" decoding=\"async\" width=\"495\" height=\"400\" data-id=\"406\" src=\"https:\/\/ikdenge.com\/wp-content\/uploads\/2024\/12\/logo3.jpg\" alt=\"\" class=\"wp-image-406\" srcset=\"https:\/\/ikdenge.com\/wp-content\/uploads\/2024\/12\/logo3.jpg 495w, https:\/\/ikdenge.com\/wp-content\/uploads\/2024\/12\/logo3-300x242.jpg 300w\" sizes=\"auto, (max-width: 495px) 100vw, 495px\" \/><\/figure>\n\n\n\n<figure class=\"wp-block-image size-large\"><img loading=\"lazy\" decoding=\"async\" width=\"1024\" height=\"221\" data-id=\"407\" src=\"https:\/\/ikdenge.com\/wp-content\/uploads\/2024\/12\/logo4-1024x221.png\" alt=\"\" class=\"wp-image-407\" srcset=\"https:\/\/ikdenge.com\/wp-content\/uploads\/2024\/12\/logo4-1024x221.png 1024w, https:\/\/ikdenge.com\/wp-content\/uploads\/2024\/12\/logo4-300x65.png 300w, https:\/\/ikdenge.com\/wp-content\/uploads\/2024\/12\/logo4-768x166.png 768w, https:\/\/ikdenge.com\/wp-content\/uploads\/2024\/12\/logo4-1536x332.png 1536w, https:\/\/ikdenge.com\/wp-content\/uploads\/2024\/12\/logo4.png 1760w\" sizes=\"auto, (max-width: 1024px) 100vw, 1024px\" \/><\/figure>\n\n\n\n<figure class=\"wp-block-image size-full\"><img loading=\"lazy\" decoding=\"async\" width=\"200\" height=\"200\" data-id=\"408\" src=\"https:\/\/ikdenge.com\/wp-content\/uploads\/2024\/12\/logo5.jpg\" alt=\"\" class=\"wp-image-408\" srcset=\"https:\/\/ikdenge.com\/wp-content\/uploads\/2024\/12\/logo5.jpg 200w, https:\/\/ikdenge.com\/wp-content\/uploads\/2024\/12\/logo5-150x150.jpg 150w\" sizes=\"auto, (max-width: 200px) 100vw, 200px\" \/><\/figure>\n\n\n\n<figure class=\"wp-block-image size-full\"><img loading=\"lazy\" decoding=\"async\" width=\"699\" height=\"200\" data-id=\"409\" src=\"https:\/\/ikdenge.com\/wp-content\/uploads\/2024\/12\/logo6.jpg\" alt=\"\" class=\"wp-image-409\" srcset=\"https:\/\/ikdenge.com\/wp-content\/uploads\/2024\/12\/logo6.jpg 699w, https:\/\/ikdenge.com\/wp-content\/uploads\/2024\/12\/logo6-300x86.jpg 300w\" sizes=\"auto, (max-width: 699px) 100vw, 699px\" \/><\/figure>\n\n\n\n<figure class=\"wp-block-image size-full\"><img loading=\"lazy\" decoding=\"async\" width=\"225\" height=\"225\" data-id=\"410\" src=\"https:\/\/ikdenge.com\/wp-content\/uploads\/2024\/12\/logo7.png\" alt=\"\" class=\"wp-image-410\" srcset=\"https:\/\/ikdenge.com\/wp-content\/uploads\/2024\/12\/logo7.png 225w, https:\/\/ikdenge.com\/wp-content\/uploads\/2024\/12\/logo7-150x150.png 150w\" sizes=\"auto, (max-width: 225px) 100vw, 225px\" \/><\/figure>\n\n\n\n<figure class=\"wp-block-image size-full\"><img loading=\"lazy\" decoding=\"async\" width=\"360\" height=\"233\" data-id=\"411\" src=\"https:\/\/ikdenge.com\/wp-content\/uploads\/2024\/12\/logo8.png\" alt=\"\" class=\"wp-image-411\" srcset=\"https:\/\/ikdenge.com\/wp-content\/uploads\/2024\/12\/logo8.png 360w, https:\/\/ikdenge.com\/wp-content\/uploads\/2024\/12\/logo8-300x194.png 300w\" sizes=\"auto, (max-width: 360px) 100vw, 360px\" \/><\/figure>\n\n\n\n<figure class=\"wp-block-image size-full\"><img loading=\"lazy\" decoding=\"async\" width=\"225\" height=\"225\" data-id=\"412\" src=\"https:\/\/ikdenge.com\/wp-content\/uploads\/2024\/12\/logo9.png\" alt=\"\" class=\"wp-image-412\" srcset=\"https:\/\/ikdenge.com\/wp-content\/uploads\/2024\/12\/logo9.png 225w, https:\/\/ikdenge.com\/wp-content\/uploads\/2024\/12\/logo9-150x150.png 150w\" sizes=\"auto, (max-width: 225px) 100vw, 225px\" \/><\/figure>\n<\/figure>\n","protected":false},"excerpt":{"rendered":"","protected":false},"author":1,"featured_media":0,"parent":0,"menu_order":0,"comment_status":"closed","ping_status":"closed","template":"pages\/page-references.php","meta":{"footnotes":""},"class_list":["post-16","page","type-page","status-publish","hentry"],"_links":{"self":[{"href":"https:\/\/ikdenge.com\/index.php\/wp-json\/wp\/v2\/pages\/16","targetHints":{"allow":["GET"]}}],"collection":[{"href":"https:\/\/ikdenge.com\/index.php\/wp-json\/wp\/v2\/pages"}],"about":[{"href":"https:\/\/ikdenge.com\/index.php\/wp-json\/wp\/v2\/types\/page"}],"author":[{"embeddable":true,"href":"https:\/\/ikdenge.com\/index.php\/wp-json\/wp\/v2\/users\/1"}],"replies":[{"embeddable":true,"href":"https:\/\/ikdenge.com\/index.php\/wp-json\/wp\/v2\/comments?post=16"}],"version-history":[{"count":8,"href":"https:\/\/ikdenge.com\/index.php\/wp-json\/wp\/v2\/pages\/16\/revisions"}],"predecessor-version":[{"id":416,"href":"https:\/\/ikdenge.com\/index.php\/wp-json\/wp\/v2\/pages\/16\/revisions\/416"}],"wp:attachment":[{"href":"https:\/\/ikdenge.com\/index.php\/wp-json\/wp\/v2\/media?parent=16"}],"curies":[{"name":"wp","href":"https:\/\/api.w.org\/{rel}","templated":true}]}}